86859 is divided by 492?
487
What is the remainder when 268132709 is divided by 7231?
7229
Calculate the remainder when 22087786 is divided by 3721.
3651
Calculate the remainder when 1417210 is divided by 236200.
10
Calculate the remainder when 6153903 is divided by 2729.
8
Calculate the remainder when 1641716 is divided by 554.
214
Calculate the remainder when 4807289 is divided by 228918.
11
What is the remainder when 19759 is divided by 423?
301
What is the remainder when 29077442 is divided by 1979?
1974
Calculate the remainder when 272731 is divided by 45432.
139
What is the remainder when 224034 is divided by 1117?
634
Calculate the remainder when 5264061 is divided by 142.
121
What is the remainder when 5682523 is divided by 1842?
1795
What is the remainder when 162932 is divided by 14729?
913
Calculate the remainder when 461435 is divided by 153673.
416
Calculate the remainder when 134249237 is divided by 243.
242
Calculate the remainder when 581434 is divided by 1700.
34
What is the remainder when 41002216 is divided by 379650?
16
What is the remainder when 626428 is divided by 10761?
2290
Calculate the remainder when 63421 is divided by 3683.
810
Calculate the remainder when 18699 is divided by 14472.
4227
What is the remainder when 51137 is divided by 8041?
2891
What is the remainder when 6046 is divided by 5093?
953
What is the remainder when 593796 is divided by 98692?
1644
Calculate the remainder when 6981848 is divided by 287.
286
Calculate the remainder when 241932 is divided by 3357.
228
What is the remainder when 53884 is divided by 23004?
7876
What is the remainder when 15397800 is divided by 8003?
28
What is the remainder when 611873 is divided by 1634?
757
What is the remainder when 15915934 is divided by 1371?
1366
Calculate the remainder when 110210 is divided by 1858.
588
What is the remainder when 7822244 is divided by 892?
296
Calculate the remainder when 10617985 is divided by 122.
81
Calculate the remainder when 914327 is divided by 228549.
131
What is the remainder when 68873 is divided by 802?
703
Calculate the remainder when 134071 is divided by 457.
170
What is the remainder when 302393 is divided by 16798?
29
Calculate the remainder when 21291 is divided by 299.
62
What is the remainder when 49968 is divided by 1537?
784
Calculate the remainder when 15949887 is divided by 1886.
1871
Calculate the remainder when 675153 is divided by 135011.
98
Calculate the remainder when 75605053 is divided by 15.
13
Calculate the remainder when 87539 is divided by 2822.
57
Calculate the remainder when 72268039 is divided by 77.
74
What is the remainder when 514063 is divided by 34267?
58
What is the remainder when 6495893 is divided by 22?
19
Calculate the remainder when 6704936 is divided by 59.
58
What is the remainder when 271111672 is divided by 11263?
11262
Calculate the remainder when 66855 is divided by 4554.
3099
What is the remainder when 108575 is divided by 2728?
2183
Calculate the remainder when 42109936 is divided by 14036619.
79
What is the remainder when 94780 is divided by 667?
66
What is the remainder when 133990 is divided by 1105?
285
Calculate the remainder when 21334790 is divided by 1677.
1673
Calculate the remainder when 1154566 is divided by 577281.
4
What is the remainder when 34698682 is divided by 253?
238
Calculate the remainder when 25876 is divided by 1399.
694
What is the remainder when 125186853 is divided by 24?
21
What is the remainder when 138215 is divided by 952?
175
What is the remainder when 22418047 is divided by 1276?
3
Calculate the remainder when 1772160 is divided by 14.
12
Calculate the remainder when 33691588 is divided by 16845762.
64
Calculate the remainder when 5680685 is divided by 1893519.
128
What is the remainder when 68710495 is divided by 5792?
5791
What is the remainder when 684217 is divided by 62194?
83
Calculate the remainder when 1755961 is divided by 1961.
866
Calculate the remainder when 37196031 is divided by 57.
54
What is the remainder when 59103 is divided by 1284?
39
Calculate the remainder when 24946 is divided by 1608.
826
What is the remainder when 9491 is divided by 3577?
2337
Calculate the remainder when 553371 is divided by 1724.
1691
Calculate the remainder when 4353032 is divided by 5138.
1146
What is the remainder when 33281091 is divided by 6656205?
66
Calculate the remainder when 196511430 is divided by 1191.
3
What is the remainder when 619769 is divided by 6751?
5428
Calculate the remainder when 7073879 is divided by 2745.
14
What is the remainder when 45085463 is divided by 219929?
18
Calculate the remainder when 534455 is divided by 133477.
547
What is the remainder when 58598759 is divided by 431?
430
What is the remainder when 3347577 is divided by 583?
574
What is the remainder when 53915084 is divided by 1593?
1592
Calculate the remainder when 71401 is divided by 387.
193
What is the remainder when 42480539 is divided by 7080086?
23
Calculate the remainder when 35708006 is divided by 830417.
75
Calculate the remainder when 447658 is divided by 66.
46
Calculate the remainder when 45274540 is divided by 4172.
4168
What is the remainder when 13723144 is divided by 6861571?
2
Calculate the remainder when 470437 is divided by 235183.
71
Calculate the remainder when 201315 is divided by 33544.
51
Calculate the remainder when 150419 is divided by 50117.
68
What is the remainder when 19268738 is divided by 865?
863
Calculate the remainder when 5269307 is divided by 33560.
387
Calculate the remainder when 10681488 is divided by 20.
8
What is the remainder when 210115339 is divided by 10?
9
What is the remainder when 3451857 is divided by 2891?
3
What is the remainder when 823087 is divided by 130?
57
What is the remainder when 367691 is divided by 1537?
348
What is the remainder when 629074 is divided by 2864?
1858
What is the remainder when 5350832 is divided by 9538?
14
What is the remainder when 1215603 is divided by 281?
278
Calculate the remainder when 2278019 is divided by 5920.
4739
Calculate the remainder when 46709306 is divided by 23354637.
32
What is the remainder when 23645685 is divided by 148715?
0
What is the remainder when 181975581 is divided by 14?
11
What is the remainder when 47565 is divided by 2500?
65
What is the remainder when 62172231 is divided by 256910?
11
What is the remainder when 1024337 is divided by 1055?
987
Calculate the remainder when 115958 is divided by 9646.
206
What is the remainder when 62780 is divided by 3199?
1999
What is the remainder when 2793230 is divided by 4935?
20
What is the remainder when 47060633 is divided by 87?
71
Calculate the remainder when 144150690 is divided by 28.
26
Calculate the remainder when 32826498 is divided by 166.
164
What is the remainder when 7791965 is divided by 619?
612
Calculate the remainder when 4003683 is divided by 10705.
13
What is the remainder when 9271193 is divided by 3090371?
80
What is the remainder when 5326852 is divided by 839?
41
What is the remainder when 47371553 is divided by 19171?
12
Calculate the remainder when 1776458 is divided by 4498.
4246
What is the remainder when 23374030 is divided by 6087?
6037
Calculate the remainder when 5356662 is divided by 1554.
24
Calculate the remainder when 13699045 is divided by 3965.
3935
Calculate the remainder when 232661348 is divided by 168.
164
What is the remainder when 480651 is divided by 3004?
11
What is the remainder when 9331345 is divided by 774?
1
What is the remainder when 2606263657 is divided by 28?
25
What is the remainder when 65940 is divided by 2063?
1987
What is the remainder when 8200163 is divided by 22?
15
What is the remainder when 5397503 is divided by 1458?
1445
Calculate the remainder when 305814 is divided by 399.
180
Calculate the remainder when 875163 is divided by 437008.
1147
What is the remainder when 1647302 is divided by 287?
209
Calculate the remainder when 3236989 is divided by 1331.
1328
Calculate the remainder when 1547650 is divided by 385.
335
Calculate the remainder when 465870 is divided by 154163.
3381
Calculate the remainder when 169948 is divided by 4471.
50
Calculate the remainder when 44879497 is divided by 777.
754
What is the remainder when 5110544 is divided by 1